{"id":112,"date":"2018-05-24T12:28:47","date_gmt":"2018-05-24T12:28:47","guid":{"rendered":"http:\/\/rdp.cat\/contingut\/?page_id=112"},"modified":"2022-10-13T16:16:23","modified_gmt":"2022-10-13T16:16:23","slug":"politica-de-privadesa","status":"publish","type":"page","link":"https:\/\/rdp.cat\/contingut\/politica-de-privadesa\/","title":{"rendered":"RGPD"},"content":{"rendered":"<div id=\"wrapper\" class=\"page-text\">\n<div class=\"col-text center-box align-left\">\n<h1 class=\"western\">Av\u00eds legal i privadesa<\/h1>\n<div id=\"wrapper\" dir=\"ltr\">\n<p>El titular del lloc web allotjat a la URL rdp.cat (el <strong>\u201dWeb\u201d<\/strong>) \u00e9s Associaci\u00f3 Radioaficionats del Pallars (RDP), les dades d\u2019identificaci\u00f3 de la qual s\u00f3n les seg\u00fcents:<\/p>\n<p>Associaci\u00f3 Radioaficionats dels Pallars<\/p>\n<p>NIF G25836297<\/p>\n<p>Inscripci\u00f3 al registre d&#8217;associacions de la Generalitat de Catalunya (62897 en data 14\/3\/18)<\/p>\n<p>Inscripci\u00f3 a la &#8220;DIRECCI\u00d3N GENERAL DE TELECOMUNICACIONES Y ORDENACI\u00d3N DE LOS SERVICIOS DE COMUNICACI\u00d3N AUDIOVISUAL&#8221; com a club de radioaficionats amb el n\u00famero 357 en data 9-12-2021<\/p>\n<p>Email: rdp (at) rdp.cat<br \/>\nTel\u00e8fon: 646 058900<\/p>\n<h2 class=\"western\">Acc\u00e9s al Web<\/h2>\n<p>L\u2019Av\u00eds Legal regula l\u2019acc\u00e9s i utilitzaci\u00f3 del Web per part dels seus usuaris.<\/p>\n<p>L\u2019acc\u00e9s i utilitzaci\u00f3 del Web per part de l\u2019usuari comporta l\u2019acceptaci\u00f3 de l\u2019Av\u00eds Legal, aix\u00ed com de la resta de pol\u00edtiques que, si s\u2019escau, es puguin preveure al Web.<\/p>\n<p>Per tant, preguem a l\u2019usuari que llegeixi atentament l\u2019Av\u00eds Legal quan es proposi utilitzar el Web ja que pot modificar-se en qualsevol moment. Si no accepta l\u2019Av\u00eds Legal, li preguem s\u2019abstingui d\u2019utilitzar el Web.<\/p>\n<h2 class=\"western\">Utilitzaci\u00f3 i funcionament del Web<\/h2>\n<p>L\u2019usuari es compromet a fer un \u00fas diligent del Web, aix\u00ed com de la informaci\u00f3 que s\u2019hi inclou, amb total subjecci\u00f3 a la normativa aplicable, a l\u2019Av\u00eds Legal aix\u00ed com a la resta de pol\u00edtiques que s\u2019incloguin al Web.<\/p>\n<p>Igualment, l\u2019usuari es compromet a no realitzar cap acte amb objecte de danyar, inutilitzar i\/o sobrecarregar el Web, o que impedeixi, de qualsevol forma, la normal utilitzaci\u00f3 i funcionament del mateix.<\/p>\n<p>S\u2019informa a l\u2019usuari que, en el sup\u00f2sit que incompleixi l\u2019Av\u00eds Legal o la resta de pol\u00edtiques del Web, RDP es reserva el dret a limitar, suspendre i\/o finalitzar el seu acc\u00e9s al Web, adoptant qualsevol mesura t\u00e8cnica que sigui necess\u00e0ria a l\u2019efecte.<\/p>\n<p>RDP fa els seus millors esfor\u00e7os per mantenir el Web en bon funcionament, evitant errors o, en el seu cas, reparant-los i mantenint els continguts del Web degudament actualitzats. No obstant, RDP no garanteix la disponibilitat i continu\u00eftat en l\u2019acc\u00e9s al Web ni la inexist\u00e8ncia d\u2019errors en els seus continguts, aix\u00ed com tampoc que aquests darrers siguin oportunament actualitzats.<\/p>\n<h2 class=\"western\">Responsabilitat<\/h2>\n<p>Tant l\u2019acc\u00e9s al Web com l\u2019\u00fas que pugui fer-se de qualsevol informaci\u00f3 que el Web contingui es realitzen sota la responsabilitat exclusiva de l\u2019usuari.<\/p>\n<p>RDP no es responsabilitza de qualsevol dany i\/o perjudici que es pugui derivar, directament o indirectament, de l\u2019acc\u00e9s i\/o \u00fas de la informaci\u00f3 continguda al Web i\/o a WhatsApp, incloent i sense limitar-s&#8217;hi, els produ\u00efts en els sistemes inform\u00e0tics o els provocats per la introducci\u00f3 de virus i\/o atacs inform\u00e0tics i tampoc ser\u00e0 responsable dels danys que puguin patir els usuaris per un \u00fas inadequat del Web ni de les caigudes, interrupcions, abs\u00e8ncia o defecte en les comunicacions i\/o Internet.<\/p>\n<p>Addicionalment, RDP no es fa responsable de cap dany i\/o perjudici en el <i>software<\/i> i\/o <i>hardware<\/i> de l\u2019usuari que es derivi de l\u2019acc\u00e9s i\/o \u00fas del Web.<\/p>\n<p>L\u2019usuari respondr\u00e0 dels danys i perjudicis que RDP pugui patir com a conseq\u00fc\u00e8ncia de l\u2019incompliment de qualsevol de les obligacions a qu\u00e8 quedi sotm\u00e8s en virtut de l\u2019Av\u00eds Legal, de la legislaci\u00f3 aplicable i\/o de la resta de pol\u00edtiques.<\/p>\n<h2 class=\"western\">Pol\u00edtica en mat\u00e8ria d\u2019enlla\u00e7os (links)<\/h2>\n<h3 class=\"western\">a) Enlla\u00e7os amb el Web<\/h3>\n<p>Qualsevol que tingui intenci\u00f3 d\u2019incloure en un lloc web (<strong>\u201cWeb Enlla\u00e7ant\u201d<\/strong>) un enlla\u00e7 que dirigeixi al Web hauran de sol\u00b7licitar-ho a RDP i complir amb la legislaci\u00f3 vigent; en cap cas, podran allotjar continguts, propis o de tercers, que: (i) siguin il\u00b7l\u00edcits, nocius, violents, racistes, denigrants, etc.; i\/o (ii) resultin inapropiats o no pertinents en relaci\u00f3 amb RDP.<\/p>\n<p>L\u2019enlla\u00e7 no implica que\u00a0RDP avali, promocioni, garanteixi, supervisi i\/o recomani el contingut i\/o els serveis del Web Enlla\u00e7ant, ni que sigui responsable del seu contingut. En el sup\u00f2sit d\u2019incompliment de qualsevol dels termes referits anteriorment,\u00a0RDP procedir\u00e0, de forma immediata, a la revocaci\u00f3 del consentiment atorgat al Web Enlla\u00e7ant, que haur\u00e0 de suprimir l\u2019enlla\u00e7.<\/p>\n<h3 class=\"western\">b) Enlla\u00e7os amb altres webs<\/h3>\n<p>En el Web es poden incloure diferents enlla\u00e7os que permetin a l\u2019usuari accedir a altres webs (<strong>\u201cWebs Enlla\u00e7ats\u201d<\/strong>).<\/p>\n<p>En cap cas, l\u2019exist\u00e8ncia de Webs Enlla\u00e7ats comporta recomanaci\u00f3, promoci\u00f3, identificaci\u00f3 i\/o conformitat de RDP amb les manifestacions, continguts i\/o serveis proporcionats per mitj\u00e0 dels Webs Enlla\u00e7ats. En conseq\u00fc\u00e8ncia, RDP no es fa responsable del contingut, i els termes i condicions dels Webs Enlla\u00e7ats, essent l\u2019usuari l\u2019\u00fanic responsable de comprovar-los i acceptar-los cada vegada que accedeixi i els utilitzi.<\/p>\n<h2 class=\"western\">Propietat Industrial i Intel\u00b7lectual<\/h2>\n<p>Tots els drets de propietat intel\u00b7lectual sobre els dissenys, bases de dades, programes d\u2019ordinador subjacents (inclosos els codis font), els diferents elements que integren el Web (textos, gr\u00e0fics, fotografies, v\u00eddeos, gravacions sonores, combinacions de colors, etc.) [els <strong>\u201cContinguts\u201d<\/strong>], aix\u00ed com la seva estructura, selecci\u00f3 i ordre, s\u00f3n titularitat de RDP o dels seus llicenciants. Els signes distintius inclosos al Web (marques i noms comercials) s\u00f3n titularitat de RDP o dels seus llicenciants.<\/p>\n<p>L\u2019\u00fas del Web per part de l\u2019usuari no suposa la cessi\u00f3 de cap dret de propietat intel\u00b7lectual i\/o industrial sobre el Web i els Continguts.<\/p>\n<p>En aquest sentit, queda expressament prohibit a l\u2019usuari la reproducci\u00f3, transformaci\u00f3, distribuci\u00f3, comunicaci\u00f3 p\u00fablica, posada a disposici\u00f3, extracci\u00f3 i\/o qualsevol altra forma de difusi\u00f3 no autoritzades expressament del Web, els seus Continguts i\/o els signes distintius de RDP.<\/p>\n<p>La utilitzaci\u00f3 no autoritzada dels Continguts, aix\u00ed com els perjudicis ocasionats en els drets de propietat intel\u00b7lectual i industrial de RDP podran donar lloc a l\u2019exercici de les accions que legalment li corresponguin, i a les responsabilitats que, en el seu cas, se&#8217;n derivin.<\/p>\n<h2 class=\"western\">Nul\u00b7litat<\/h2>\n<p>Si qualsevol de les cl\u00e0usules de l\u2019Av\u00eds Legal \u00e9s declarada, totalment o parcialment, nul\u00b7la o inefica\u00e7, tal nul\u00b7litat o inefic\u00e0cia afectar\u00e0 nom\u00e9s a aquesta disposici\u00f3 o a la part de la mateixa que resulti nul\u00b7la o inefica\u00e7, i les mateixes romandran vigents en tota la resta, considerant-se no posada disposici\u00f3 o la part de la mateixa que resulti afectada. A aquests efectes, l\u2019Av\u00eds Legal nom\u00e9s deixaran de tenir validesa exclusivament respecte de la disposici\u00f3 nul\u00b7la o inefica\u00e7, i cap altra part o disposici\u00f3 del mateix quedar\u00e0 anul\u00b7lada, invalidada, perjudicada o afectada per aquesta nul\u00b7litat o inefic\u00e0cia, llevat que per resultar essencial hagu\u00e9s d&#8217;afectar l\u2019Av\u00eds Legal de forma integral.<\/p>\n<h2 class=\"western\">Reclamacions<\/h2>\n<p>Per a qualsevol queixa, reclamaci\u00f3 o q\u00fcesti\u00f3 derivada de l\u2019Av\u00eds Legal, pot posar-se en contacte amb RDP a trav\u00e9s de l&#8217;e-mail info@RDP.cat que les atendran el m\u00e9s aviat possible.<\/p>\n<h2 class=\"western\">Jurisdicci\u00f3<\/h2>\n<p>En el sup\u00f2sit que sorgeixi qualsevol conflicte o discrep\u00e0ncia en la interpretaci\u00f3 i\/o aplicaci\u00f3 de l\u2019Av\u00eds Legal, els Jutjats i Tribunals que, si s\u2019escau, coneixeran l&#8217;assumpte seran els que prevegi la normativa legal aplicable.<\/p>\n<\/div>\n<\/div>\n<\/div>\n","protected":false},"excerpt":{"rendered":"<p>Av\u00eds legal i privadesa El titular del lloc web allotjat a la URL rdp.cat (el \u201dWeb\u201d) \u00e9s Associaci\u00f3 Radioaficionats del Pallars (RDP), les dades d\u2019identificaci\u00f3 de la qual s\u00f3n les seg\u00fcents: Associaci\u00f3 Radioaficionats dels Pallars NIF G25836297 Inscripci\u00f3 al registre d&#8217;associacions de la Generalitat de Catalunya (62897 en data 14\/3\/18) Inscripci\u00f3 a la &#8220;DIRECCI\u00d3N GENERAL [&hellip;]<\/p>\n","protected":false},"author":1,"featured_media":0,"parent":0,"menu_order":0,"comment_status":"closed","ping_status":"closed","template":"","meta":{"footnotes":""},"class_list":["post-112","page","type-page","status-publish","hentry"],"_links":{"self":[{"href":"https:\/\/rdp.cat\/contingut\/wp-json\/wp\/v2\/pages\/112","targetHints":{"allow":["GET"]}}],"collection":[{"href":"https:\/\/rdp.cat\/contingut\/wp-json\/wp\/v2\/pages"}],"about":[{"href":"https:\/\/rdp.cat\/contingut\/wp-json\/wp\/v2\/types\/page"}],"author":[{"embeddable":true,"href":"https:\/\/rdp.cat\/contingut\/wp-json\/wp\/v2\/users\/1"}],"replies":[{"embeddable":true,"href":"https:\/\/rdp.cat\/contingut\/wp-json\/wp\/v2\/comments?post=112"}],"version-history":[{"count":9,"href":"https:\/\/rdp.cat\/contingut\/wp-json\/wp\/v2\/pages\/112\/revisions"}],"predecessor-version":[{"id":539,"href":"https:\/\/rdp.cat\/contingut\/wp-json\/wp\/v2\/pages\/112\/revisions\/539"}],"wp:attachment":[{"href":"https:\/\/rdp.cat\/contingut\/wp-json\/wp\/v2\/media?parent=112"}],"curies":[{"name":"wp","href":"https:\/\/api.w.org\/{rel}","templated":true}]}}